. What are the prime factors of k(d)?
3, 5, 43
Suppose 0 = -3*f - 772 + 3706. Suppose -f = 3*y - 2*i - 178, 5*y + 1348 = -4*i. Let s = y - -435. What are the prime factors of s?
167
Let t = 16 - 10. What are the prime factors of 330 + 0 + t + -8?
2, 41
Suppose -159*k + 350*k = 6859001. What are the prime factors of k?
35911
Let s be 2*15/6*(0 + 1). Suppose -d + m = 2, d = -5*m + s + 17. Suppose 2*v + 2*a = 30, 4*v + d*a - 22 - 28 = 0. What are the prime factors of v?
2, 5
Let s = 30 - 27. Suppose -s*v - 2*q - 2 = 0, -2 = 2*q - 0. Suppose v = -5*t - 2*b + 418, -3*b + 44 = t - 37. List the prime factors of t.
2, 3, 7
Let m = 379 - 348. What are the prime factors of m/((-6)/3 - 130/(-60))?
2, 3, 31
Let z = 4894 - 2024. List the prime factors of z.
2, 5, 7, 41
What are the prime factors of (-171790)/(-85) - 18/306?
43, 47
Let a(m) = 31*m**2 + 155*m + 61. List the prime factors of a(-43).
3, 5, 7, 23
Let x = 207 - 165. Suppose -p + x = -23. List the prime factors of p.
5, 13
Suppose 18*k = 14*k + 1240. Suppose 24*m = 2690 + k. List the prime factors of m.
5
What are the prime factors of 742970/130 - ((-1)/(-2) - 9/26)?
3, 5, 127
Suppose -4*m = 10*m + 70. Let l be (m - 0)*(324/45)/6. What are the prime factors of ((-39)/l + 3)/(1/18)?
3, 19
Suppose 1831 = 5*i + 2*n - 253, 2*n = 5*i - 2096. Let b be (-2)/14 - i/(-133). Let u = b - -13. List the prime factors of u.
2
Let f = 6977 - -3579. List the prime factors of f.
2, 7, 13, 29
Let g be (12/2)/(-5 + 7). Suppose q - 78 = 4*i, -3*i = -g*q + 1 + 233. List the prime factors of q.
2, 3, 13
Let a = 12842 - -24050. List the prime factors of a.
2, 23, 401
Suppose -44*b - 2443 + 166786 = -20765. What are the prime factors of b?
7, 601
Let l be (14/(-4))/((-1)/14). Suppose -l - 103 = -x. What are the prime factors of x?
2, 19
Let b be 1 - (6 + 509 + 5). List the prime factors of ((165/9)/(-11))/(1/b).
5, 173
Suppose 0 = 3*p + 15 - 12, 4*g - 24915 = 3*p. What are the prime factors of g?
2, 3, 173
Suppose -3*y + 4*w = 1076, 5*y - y = 3*w - 1437. List the prime factors of y/14*(-18 - -8 - -3).
2, 3, 5
List the prime factors of (-5)/((8/(288/(-60)))/8423).
3, 8423
Suppose 41*z - 35*z - 10542 = 0. What are the prime factors of z?
7, 251
What are the prime factors of 41/(738/1216404) + (8 - 1)?
5, 7, 1931
Let y = -98 - -94. Let m be (-475)/11 + y/(-22). Let k = m + 96. List the prime factors of k.
53
Suppose 12 = 2*d - 5*k + 3, 4*d = -2*k + 6. List the prime factors of (638/(-290))/(d/(-170)).
11, 17
Let f be -1 + (-94)/(4/2). Let i = 831 + -708. Let u = f + i. List the prime factors of u.
3, 5
Suppose 3*p + 12 = 5*h - 23, 2*p + 10 = 0. Suppose 0 = 136*g - 83*g - 265. Suppose 10 = -h*o - 10, j + g*o - 145 = 0. List the prime factors of j.
2, 5, 17
Let u = 19438 - -36361. What are the prime factors of u?
55799
Let r be (-4)/6*3969/(-2). Let i = r + -859. List the prime factors of i.
2, 29
Suppose -496 + 124 = -4*t. Let k = t - 87. Suppose 4*f = -m + 37, 4*m - k*m = -2*f + 16. What are the prime factors of f?
3
Suppose 0 = 742*d - 749*d + 28. Suppose 0 = d*p - 2293 - 47. List the prime factors of p.
3, 5, 13
Suppose -h = 10 - 12. Suppose -2 = h*b - 4. List the prime factors of (b - -10)/((-90)/(-22) + -4).
11
Let w(k) be the third derivative of -k**4/6 - 35*k**3/6 + 18*k**2. Let a be w(8). What are the prime factors of a/(-2) + (-7)/(-2) + -4?
3, 11
Let s(y) = 11*y**2 - 95*y + 35. Let i be s(16). Suppose 3*t = 2656 + i. What are the prime factors of t?
3, 443
Let x = 25871 + -7644. List the prime factors of x.
11, 1657
Suppose -14148 = -4*w - 5*v, 3*w - 3125 - 7509 = 2*v. Suppose -18*q + 25*q = w. List the prime factors of q.
2, 11, 23
Let i(b) = 3*b**3 + 19*b**2 - 51*b - 151. List the prime factors of i(23).
2, 3, 3769
Suppose -3*v = -z + 84 - 95, 9 = -4*z + 5*v. Let w(u) = 57*u + 6 + 6 + 0*u. What are the prime factors of w(z)?
2, 3, 5
Suppose -75 = -4*t - 255. Let j be (30/t)/((-2)/9). Suppose 257 = -k + 3*k - j*b, 0 = -5*k - 2*b + 671. List the prime factors of k.
7, 19
What are the prime factors of (9 - (62/5 + -3))/(2/(-55780))?
2, 2789
Suppose -5*m + 5*w = -10, -m - 3*w + 7*w = 4. Suppose -t - m*t + 697 = 2*v, v - 3*t - 365 = 0. What are the prime factors of v?
2, 89
Let j = -56 + 28. Let d = j + 24. List the prime factors of 6 - 2 - (-13 + d).
3, 7
Let a(g) = 2*g - 12. Let f be a(9). Suppose 56 = -4*j - 2*m, -m = j + f + 6. What are the prime factors of -1 - 18/j - 1918/(-16)?
2, 3, 5
Suppose 2*y = r + 39077, -5*r + 4933 - 24503 = -y. What are the prime factors of y?
5, 3907
What are the prime factors of 5778 + -6 + 7 + 8?
3, 643
Suppose -b = -4*a - 21, 0*b - 3 = -3*b. Let k(y) be the first derivative of 5*y**3/3 - 11*y**2/2 + 5*y + 2. What are the prime factors of k(a)?
5, 37
Let f(w) = -12*w**3 + 2*w**2 - w - 3. Let j be f(-1). Suppose -j*t - 10*t = -25432. What are the prime factors of t?
2, 17
Suppose m + 7*j - 4*j - 5949 = 0, 2*m + j - 11918 = 0. What are the prime factors of m?
3, 1987
List the prime factors of 0 - -2 - -2*(-6 - -8428).
2, 8423
Let s(r) be the third derivative of -r**6/120 - r**5/5 + 3*r**4/4 + 19*r**3/3 + 54*r**2. What are the prime factors of s(-15)?
443
Suppose -26*c = -12*c - 479640. What are the prime factors of c?
2, 3, 5, 571
Let o(d) = 278*d**2 - 7*d + 31. List the prime factors of o(10).
17, 23, 71
Suppose -42*h - 48157 + 157651 = 0. What are the prime factors of h?
3, 11, 79
Let s(b) = -b**3 + 8*b**2 + 4*b - 8. Let g be s(8). Suppose -5*p - 9 = -g. Suppose -5*v + 134 = -5*d - 151, 0 = -5*v + p*d + 283. List the prime factors of v.
2, 7
Let m = -144 + 149. Suppose n - 998 = -3*x, -4*x = -7*x - m*n + 982. What are the prime factors of x?
2, 167
What are the prime factors of (24182/5 - -3)/(2/10)?
24197
Let k = -39 - -42. Suppose k*r = -15, -z - 5*r = -0*r + 31. What are the prime factors of 61 - (z + (6 - 2))?
3, 7
Let y(x) = 3*x**3 - 73*x**2 + 14*x + 363. What are the prime factors of y(30)?
3, 1787
Suppose -6 + 7 = 5*p - 3*h, 0 = -5*h + 15. Suppose -5*l = -4*v - 4540, -7*l - v = -p*l - 4515. What are the prime factors of l?
2, 113
Let n = 42973 + -11436. List the prime factors of n.
11, 47, 61
Let l(c) = 42*c**2 + 17*c + 1. Let j be l(-1). Suppose 1559 - 4653 = -j*x. What are the prime factors of x?
7, 17
Suppose -2*t + 45 = -5*c, -3*c + 97 = 5*t - 0*c. Let m(k) = 3*k + 13. List the prime factors of m(t).
73
Suppose -8*j + 917 = -171. Suppose 4*m + 15 = 3*m + p, m + 2*p + 18 = 0. What are the prime factors of (j/6)/(m/(-72))?
2, 3, 17
Let g(m) = -m**3 - 27*m**2 - 64*m - 84. Let x be g(-26). Suppose 0 = -624*a + 625*a - x. What are the prime factors of a?
2, 113
Let a(b) = -2*b**3 + b - 4. Let x be a(2). Let k = x - -78. Suppose 2*w - k = 152. List the prime factors of w.
2, 53
Let o(s) = -4*s**2 + 17*s - 6. Let g be o(4). Let i be (1/1 - 1)/g. Suppose 4*t - 5*d - 383 = i, -8*d = 2*t - 3*d - 199. What are the prime factors of t?
97
Suppose 4*p = p, -2*p - 4 = -2*m. Let r be 1*5/m*12/2. Suppose -5*d - 2000 = -r*d. List the prime factors of d.
2, 5
Let z(i) = 7*i**2 - 2*i + 8. Let q = 70 + -66. List the prime factors of z(q).
2, 7
Let a(y) be the third derivative of -1/20*y**5 + 0*y - 5/24*y**4 + 0 + 16*y**2 + 1/6*y**3 - 1/120*y**6. List the prime factors of a(-5).
2, 19
Let s be 526*(-9 + 13 - (-18)/(-4)). Let g = s + 377. Let i = -77 + g. List the prime factors of i.
37
Suppose -208*q + 245*q = 241758. What are the prime factors of q?
2, 3, 11
Let h(w) = w**3 - 10*w**2 + w - 6. Let t be h(10). Let o be ((-4)/8)/(t/(-24)). Suppose 0 = 3*k - 84 - o. What are the prime factors of k?
29
Let y be (558/(-42) - -13)*-7. Suppose 4*b + 0*b = 0. Suppose b = -4*f + y*f + 22. What are the prime factors of f?
11
Suppose -28 = 4*a, 4*a - 104392 = -h - 3*h. What are the prime factors of h?
5, 23, 227
Let w be (-1 - (384 - -4))/(-2 - -3). Let u = w + 271. Let q = u - -156. What are the prime factors of q?
2, 19
Suppose 12*a = -25*s + 26*s - 41543, 124563 = 3*s - 3*a. What are the prime factors of s?
41519
Suppose 0 = 4*a, 2*k + 4330 = -3*k - 5*a. What are the prime factors of -2*k/4 + -6?
7, 61
Suppose -3*w = 2*i - 4*i + 28, 0 = 5*i + w - 53. Let b = 25 + i. Suppose -199 = -b*t + 35*t. List the prime factors of t.
199
List the prime factors of (-4)/(-7)*22/(-44) - 49429/(-7).
23, 307
Let 